nder when 8454 is divided by 4141?
172
Calculate the remainder when 42557 is divided by 14167.
56
What is the remainder when 282900 is divided by 141416?
68
Calculate the remainder when 7477 is divided by 686.
617
What is the remainder when 3256 is divided by 490?
316
What is the remainder when 217215 is divided by 637?
635
Calculate the remainder when 639 is divided by 21.
9
What is the remainder when 12662 is divided by 12453?
209
Calculate the remainder when 25420 is divided by 8.
4
What is the remainder when 535513 is divided by 166?
163
What is the remainder when 1164 is divided by 165?
9
What is the remainder when 135720 is divided by 554?
544
Calculate the remainder when 82255 is divided by 37.
4
What is the remainder when 22428 is divided by 22412?
16
Calculate the remainder when 97149 is divided by 11.
8
Calculate the remainder when 2713 is divided by 272.
265
What is the remainder when 414702 is divided by 84?
78
What is the remainder when 84280 is divided by 6015?
70
Calculate the remainder when 37951 is divided by 18974.
3
Calculate the remainder when 176576 is divided by 337.
325
What is the remainder when 642254 is divided by 279?
275
What is the remainder when 16981 is divided by 5656?
13
Calculate the remainder when 13245 is divided by 64.
61
Calculate the remainder when 149709 is divided by 49883.
60
Calculate the remainder when 2390 is divided by 1123.
144
What is the remainder when 4290 is divided by 106?
50
What is the remainder when 27633 is divided by 256?
241
Calculate the remainder when 1048 is divided by 28.
12
Calculate the remainder when 2002846 is divided by 186.
184
Calculate the remainder when 75367 is divided by 37.
35
What is the remainder when 125718 is divided by 183?
180
What is the remainder when 1853 is divided by 26?
7
What is the remainder when 286036 is divided by 84?
16
Calculate the remainder when 1543770 is divided by 13.
7
What is the remainder when 454 is divided by 32?
6
What is the remainder when 15319 is divided by 35?
24
Calculate the remainder when 56843 is divided by 24.
11
What is the remainder when 841151 is divided by 109?
107
What is the remainder when 1983 is divided by 233?
119
Calculate the remainder when 234168 is divided by 78054.
6
Calculate the remainder when 1347815 is divided by 12.
11
What is the remainder when 3786 is divided by 173?
153
What is the remainder when 3576 is divided by 114?
42
What is the remainder when 5298 is divided by 529?
8
What is the remainder when 9263 is divided by 464?
447
Calculate the remainder when 1897002 is divided by 593.
588
Calculate the remainder when 80 is divided by 76.
4
Calculate the remainder when 175598 is divided by 11.
5
What is the remainder when 3481 is divided by 797?
293
Calculate the remainder when 21989 is divided by 5494.
13
Calculate the remainder when 14621 is divided by 499.
150
What is the remainder when 2555 is divided by 99?
80
What is the remainder when 119170 is divided by 89?
88
Calculate the remainder when 407 is divided by 287.
120
Calculate the remainder when 6327 is divided by 451.
13
Calculate the remainder when 3430 is divided by 1133.
31
What is the remainder when 259215 is divided by 66?
33
What is the remainder when 69879 is divided by 69862?
17
Calculate the remainder when 5348 is divided by 25.
23
Calculate the remainder when 1637 is divided by 366.
173
Calculate the remainder when 347378 is divided by 6203.
10
What is the remainder when 1172 is divided by 26?
2
Calculate the remainder when 11320 is divided by 1413.
16
Calculate the remainder when 36947 is divided by 327.
323
Calculate the remainder when 46636 is divided by 47.
12
What is the remainder when 21670 is divided by 1546?
26
Calculate the remainder when 98304 is divided by 4272.
48
What is the remainder when 33683 is divided by 31?
17
Calculate the remainder when 1342 is divided by 155.
102
What is the remainder when 566245 is divided by 250?
245
What is the remainder when 1549 is divided by 1476?
73
What is the remainder when 4454 is divided by 107?
67
Calculate the remainder when 6555 is divided by 85.
10
What is the remainder when 238711 is divided by 9181?
5
Calculate the remainder when 1054 is divided by 106.
100
Calculate the remainder when 2420 is divided by 266.
26
What is the remainder when 44056 is divided by 22023?
10
Calculate the remainder when 4448 is divided by 4429.
19
What is the remainder when 58957 is divided by 1684?
17
What is the remainder when 27401 is divided by 52?
49
Calculate the remainder when 46297 is divided by 9258.
7
Calculate the remainder when 5778 is divided by 5720.
58
Calculate the remainder when 869909 is divided by 321.
320
What is the remainder when 40424 is divided by 1772?
1440
What is the remainder when 2018 is divided by 2015?
3
What is the remainder when 12579 is divided by 4193?
0
What is the remainder when 84502 is divided by 322?
138
What is the remainder when 14782 is divided by 264?
262
Calculate the remainder when 251692 is divided by 605.
12
What is the remainder when 37005 is divided by 12?
9
Calculate the remainder when 246059 is divided by 180.
179
What is the remainder when 4357 is divided by 24?
13
What is the remainder when 3338953 is divided by 19?
7
Calculate the remainder when 3892 is divided by 388.
12
Calculate the remainder when 9259 is divided by 58.
37
What is the remainder when 7080 is divided by 126?
24
Calculate the remainder when 245504 is divided by 81805.
89
Calculate the remainder when 30251 is divided by 1323.
1145
What is the remainder when 126988 is divided by 11543?
15
Calculate the remainder when 2004 is divided by 165.
24
What is the remainder when 4024 is divided by 56?
48
Calculate the remainder when 3777 is divided by 178.
39
What is the remainder when 108091 is divided by 108082?
9
What is the remainder when 19883 is divided by 1805?
28
Calculate the remainder when 6192 is divided by 146.
60
Calculate the remainder when 33576 is divided by 1199.
4
Calculate the remainder when 109446 is divided by 54.
42
Calculate the remainder when 40275 is divided by 4.
3
Calculate the remainder when 12665 is divided by 4221.
2
What is the remainder when 37261 is divided by 369?
361
What is the remainder when 464 is divided by 53?
40
What is the remainder when 17981 is divided by 74?
73
Calculate the remainder when 168434 is divided by 134.
130
Calculate the remainder when 3323 is divided by 982.
377
Calculate the remainder when 1259 is divided by 336.
251
What is the remainder when 71848 is divided by 17944?
72
What is the remainder when 10793 is divided by 44?
13
What is the remainder when 46603 is divided by 188?
167
Calculate the remainder when 2786 is divided by 59.
13
What is the remainder when 21612 is divided by 53?
41
What is the remainder when 13584 is divided by 11?
10
Calculate the remainder when 34119 is divided by 322.
309
Calculate the remainder when 107497 is divided by 11.
5
What is the remainder when 969381 is divided by 778?
771
Calculate the remainder when 145829 is divided by 2604.
5
What is the remainder when 52184 is divided by 2372?
0
Calculate the remainder when 15400 is divided by 223.
13
Calculate the remainder when 7149 is divided by 341.
329
Calculate the remainder when 182415 is divided by 191.
10
Calculate the remainder when 77280 is divided by 19310.
40
What is the remainder when 22274 is divided by 494?
44
What is the remainder when 120570 is divided by 5?
0
Calculate the remainder when 14341 is divided by 7170.
1
What is the remainder when 71294 is divided by 31?
25
Calculate the remainder when 16112 is divided by 6.
2
What is the remainder when 19445 is divided by 51?
14
Calculate the remainder when 1370 is divided by 60.
50
Calculate the remainder when 46673 is divided by 2745.
8
Calculate the remainder when 101360 is divided by 26.
12
What is the remainder when 2585 is divided by 21?
2
What is the remainder when 16382 is divided by 2340?
2
Calculate the remainder when 2778 is divided by 65.
48
What is the remainder when 109406 is divided by 27345?
26
Calculate the remainder when 69957 is divided by 30.
27
Calculate the remainder when 25887 is divided by 1209.
498
Calculate the remainder when 207 is divided by 19.
17
What is the remainder when 3